*c + 5*c. Let r be (-10)/55 + c/(-22). Suppose -w + 7 + 144 = r. What are the prime factors of w?
151
Let q(i) = i**3 - 6*i**2 + i - 7. Let u be q(6). What are the prime factors of (-191)/u - -7 - (4 - 2)?
2, 7
Suppose 25 = -10*u + 2175. Let g = u + -181. What are the prime factors of g?
2, 17
Suppose -8*z + 120 = 2*z. Suppose 7470 = z*q - 7*q. List the prime factors of q/21 - 3/21.
71
Let x(a) = -705*a - 30. Let j be x(-4). Suppose -22*r + 5*q = -20*r - j, 5*q + 10 = 0. What are the prime factors of r?
2, 5, 139
Let a = -52 + 66. Suppose -a*j = -13488 + 1280. List the prime factors of j.
2, 109
Suppose 33*z = -1918 + 57919. What are the prime factors of z?
1697
Suppose -5*g - 25*k + 14514 = -28*k, -7*g = -2*k - 20324. What are the prime factors of g?
2, 3, 11
What are the prime factors of (-52082)/(-7) - ((-126)/(-98) - 2)?
7, 1063
What are the prime factors of ((-3)/(-2) + -1)/(146/2563760)?
2, 5, 439
Let y(r) = -2*r**3 + 10*r**2 + 2*r - 2. Let g be y(5). Suppose -14*i = -g*i - 114. Suppose 26*w = i*w + 910. What are the prime factors of w?
2, 5, 13
Let z = 231 + -89. Suppose -3*i = -4*i - z. Let q = i + 257. What are the prime factors of q?
5, 23
Suppose 0 = 29*x - 12991 - 3394. List the prime factors of x.
5, 113
Let i = 96824 - 44283. List the prime factors of i.
52541
Let p = 135 - 285. Let m = -205 - p. What are the prime factors of (-2 - -1)/((m/(-1270))/(-11))?
2, 127
Let z = -2380 - -2363. Let n(k) be the third derivative of k**6/120 + 4*k**5/15 - 3*k**4/4 + 8*k**3/3 + 2*k**2. What are the prime factors of n(z)?
3, 11
Let u be ((-250)/20)/((-4)/472). Suppose -5*q + 5*v + u = 0, q = 2*v + 310 - 18. List the prime factors of q.
2, 149
What are the prime factors of (-6927 + -4 - (-3 - 3))*-1?
5, 277
Suppose 7*j - 4*u + 54 = 12*j, 5*j - 2*u - 78 = 0. Let m = j - -121. What are the prime factors of m?
3, 5
Suppose -x + 2*f = 3*f + 28, -4*f = 3*x + 88. List the prime factors of (-8512)/x + 1/3.
5, 71
List the prime factors of -31 + (-424242)/(-54) + (-1)/3.
5, 313
Let k be 2310/56 + (-3)/(-4). Suppose -42*z + 45*z = k. Suppose -2668 = -z*l + 1014. What are the prime factors of l?
263
Suppose 3*n + 10*o - 5*o = 2624, 4*n + 5*o = 3492. Suppose p - 161 = n. List the prime factors of p.
3, 7
Let x(r) = r**3 + 25*r**2 + 56*r - 725. What are the prime factors of x(21)?
89, 233
Let h = -227 + 268. Suppose -40*b - 350 = -h*b. What are the prime factors of b?
2, 5, 7
Let f = 41047 - 19154. Suppose -18*r + f = -3127. List the prime factors of r.
2, 5, 139
Let g(q) = q**3 - 50*q**2 + 215*q - 958. What are the prime factors of g(55)?
2, 3, 19
Let v(w) be the first derivative of -5*w**4/8 - 13*w**3/3 + 3*w**2 - 8. Let g(t) be the second derivative of v(t). What are the prime factors of g(-5)?
7
Suppose 4*o + 10*g + 63 = 7*g, 5*g + 50 = -3*o. Let h = -11 - o. Suppose 6*p + 225 = 7*p + 2*r, p = h*r + 237. List the prime factors of p.
229
Suppose -2*o = 0, 42*o = n + 46*o + 1185. Let l = n - -1979. List the prime factors of l.
2, 397
Let r(b) = 1915*b**3 + 29*b**2 - 117*b + 11. List the prime factors of r(3).
2, 83, 311
Suppose 3*k - 3*i = 21477, -4*k + 5*i + 15837 + 12798 = 0. What are the prime factors of k?
2, 5, 179
Let u(l) = -10 + 3*l - 3*l - 1 + 5*l. Let k be u(-7). Let s = k - -127. What are the prime factors of s?
3
Suppose 9*b - 1116 = 1134. Let a = b - 27. List the prime factors of a.
223
Suppose -60*x = 37*x - 229804 - 1865299. List the prime factors of x.
21599
Suppose 4*z = -9*g + 5*g + 4, -z - 3 = -g. Suppose -9*m - 1196 = -11*m - 2*j, -g*j = m - 603. List the prime factors of m.
593
Suppose 5*h = u - 4415, -u - 41 - 1732 = 2*h. Let q = -342 - h. What are the prime factors of q?
2, 271
List the prime factors of (-16)/28 + (-1 - 58024/(-14)) + -2.
41, 101
Suppose -11780*b + 11752*b + 464940 = 0. What are the prime factors of b?
3, 5, 41
Let l be 4 - 3/(-1 + (-32)/(-20)). List the prime factors of (58/(-1 + l))/((-41)/779).
19, 29
Let a be (-8)/6*60/8. Let i(p) = -p**3 - 9*p**2 + 2*p - 17. List the prime factors of i(a).
3, 7
Suppose 16 = 3*r - g - 6, r + 2*g - 19 = 0. Let o = -127 - -90. Let d = r - o. List the prime factors of d.
2, 23
Suppose -4*o = 2*t - 59578, 5*o - 4*t - 10712 - 63728 = 0. List the prime factors of o.
2, 3, 17, 73
Let l be 1/9 - 3750/(-270). What are the prime factors of (l/(-3))/((-1)/((-1476)/(-8)))?
3, 7, 41
Suppose -4851 = -32*o - 1523. Let s = 203 + -103. Suppose -2*l - z = -s, -o = -2*l - 5*z + 3*z. List the prime factors of l.
2, 3
Suppose -16 = 7*l - 6*l + 5*c, 5*l + c - 16 = 0. Suppose 16 = 3*x - 4*v, x - l*x + v + 4 = 0. Suppose x*q = -4*q + 420. What are the prime factors of q?
3, 5, 7
What are the prime factors of (1 + 0)/(436/(-4780631)*(-2)/8)?
61, 719
Let c = 501 + -514. List the prime factors of c*(-2)/65 - 3108/(-5).
2, 311
Let f = 13115 - 9512. What are the prime factors of f?
3, 1201
Suppose -50*u + 283149 + 767901 = 0. List the prime factors of u.
3, 7, 11, 13
Let r(m) = m**3 - 3*m**2 + 84*m - 463. What are the prime factors of r(26)?
7, 2467
Let p = -120 - -189. Suppose c - 256 = 3*v, -18 = 3*v - 6. Suppose -c = -s - p. List the prime factors of s.
5, 7
Let z be 1 - ((-7)/(-2))/(14/(-22316)). Suppose 5*j - 25*j + z = 0. What are the prime factors of j?
3, 31
Let y(l) = l**3 + 19*l**2 - 25*l - 46. Suppose -4*g + 10*g = 24. Suppose -g*s - 4*b + 0*b - 80 = 0, -80 = 4*s + 3*b. What are the prime factors of y(s)?
2, 3
Suppose -56*l = -48*l - 2648. Let t = l + -189. What are the prime factors of t?
2, 71
Let b be 3/(((-8)/(-6 - -2))/2). Suppose -3*u + 5*q - 1 = 0, -3*q = b*u - u - 12. Suppose u*r - 50 = -2*k + 304, -r + 898 = 5*k. List the prime factors of k.
2, 3, 5
Let g(c) = 8*c**3 + 15*c**2 - 39*c + 355. List the prime factors of g(14).
17, 1453
Let k = 12536 + -12408. List the prime factors of k.
2
Let w be 6/6*(-1)/(1/(-2)). Let u be (-4)/8 - 31/w. Let i = 61 + u. List the prime factors of i.
3, 5
Let b = -135 - -137. Suppose 703 = b*g - 389. What are the prime factors of g?
2, 3, 7, 13
Let m(o) = -58*o**3 - 5*o**2 - o + 36. What are the prime factors of m(-5)?
2, 3583
What are the prime factors of ((-4 + 9)/(-15))/((-31)/2063577)?
22189
Let d(n) = 5*n - 28. Let y be d(8). Suppose -19*f + 15*f - y = 0. Let w = f + 110. List the prime factors of w.
107
Let m(q) = 2219*q**2 + 21*q - 47. What are the prime factors of m(3)?
11, 23, 79
Let q(n) be the first derivative of -n**4/2 - 4*n**3/3 + 13*n**2 - 7*n - 2. List the prime factors of q(-8).
7, 79
Let x(o) = 59*o - 1. Let t be x(11). Let a be ((-40)/25)/(4/(-10)). Suppose -c + t = 3*c - a*g, g + 642 = 4*c. List the prime factors of c.
2, 5
Let m be (-5 - (-148)/32)*-8. Suppose -8 = -m*t - 3*g + 10, -4*t + 24 = -5*g. Suppose 83 + 79 = t*l. List the prime factors of l.
3
Let w(q) = -3352*q + 401. List the prime factors of w(-1).
3, 139
Let r(u) = -8 - 13*u - 16*u + 23*u**2 - 26*u**2. Let a be r(-6). Suppose k = -k + a. List the prime factors of k.
29
Let w be 3 + (6/9 - (-4)/(-6)). Suppose -15*i - 7465 = -5*o - 10*i, 0 = w*i + 12. List the prime factors of o.
1489
Suppose -5 + 1 = 2*v + i, 2*i + 4 = 0. List the prime factors of v*501/(-2) - 27/18.
3, 83
Let k(r) = 37*r + 41. Let v be k(-1). Suppose -4*m - v*a + 2298 = -1126, -m = 2*a - 861. List the prime factors of m.
23, 37
Suppose 3*c + 3*v + 1158 = 0, -4*v + 3*v + 1 = 0. Let k = 777 + c. List the prime factors of k.
2, 3, 5, 13
Let g = -75 + 61. Let a be 6/g - 2202/(-42). Suppose x + 3*i = a, 5*x + 0*i = 2*i + 328. What are the prime factors of x?
2
Let g = 7826 - 1568. List the prime factors of g.
2, 3, 7, 149
Let c(g) = -24*g - 208. Let y be c(-9). Let o(a) = -6*a + 16. Let n(d) = 7*d - 16. Let r(v) = 3*n(v) + 2*o(v). What are the prime factors of r(y)?
2, 7
Let u = -998 - -1536. Suppose -u = -2*y + 616. What are the prime factors of y?
577
Let o(t) be the third derivative of 7*t**4/8 - 35*t**3/2 + 7*t**2 - 18*t. What are the prime factors of o(11)?
2, 3, 7
Suppose 21 = 2*q + q. Let t(r) = -17*r - q + 0*r**2 + 15*r + r**2. List the prime factors of t(-5).
2, 7
Suppose 64*q - 25*q - 61308 = 0. Suppose -18*r + q = -6*r. List the prime factors of r.
131
Let v be (1/3)/(-12 - (-2428930)/202410). Suppose -4*f + 12*w - 9*w + v = 0, 5*w - 1681 = -f. List the prime factors of f.
2, 3, 281
List the prim